ands digit of 39169833?
6
What is the hundred thousands digit of 51211508?
2
What is the ten thousands digit of 1265158563?
5
What is the hundred millions digit of 102479294?
1
What is the ten millions digit of 59079824?
5
What is the tens digit of 38629906?
0
What is the ten thousands digit of 79471923?
7
What is the millions digit of 3223221229?
3
What is the hundred millions digit of 452047763?
4
What is the hundreds digit of 10419002?
0
What is the millions digit of 19669753?
9
What is the hundred millions digit of 126257892?
1
What is the hundred thousands digit of 95706286?
7
What is the ten millions digit of 47588459?
4
What is the thousands digit of 998908891?
8
What is the ten thousands digit of 72119509?
1
What is the units digit of 3328056812?
2
What is the hundred millions digit of 116140186?
1
What is the ten millions digit of 56170806?
5
What is the tens digit of 1548532353?
5
What is the hundred millions digit of 974094879?
9
What is the tens digit of 569417214?
1
What is the hundred thousands digit of 682363646?
3
What is the billions digit of 2085063976?
2
What is the thousands digit of 1321596540?
6
What is the hundreds digit of 382144570?
5
What is the thousands digit of 19768846?
8
What is the ten millions digit of 11401977?
1
What is the thousands digit of 129881888?
1
What is the hundreds digit of 2387323181?
1
What is the ten millions digit of 77449255?
7
What is the hundred thousands digit of 880526530?
5
What is the tens digit of 1387227287?
8
What is the thousands digit of 203494173?
4
What is the hundreds digit of 27596893?
8
What is the thousands digit of 129530593?
0
What is the units digit of 375718880?
0
What is the hundreds digit of 6316619036?
0
What is the ten millions digit of 2004631306?
0
What is the units digit of 4819658068?
8
What is the hundreds digit of 610549935?
9
What is the tens digit of 671406627?
2
What is the billions digit of 1078005175?
1
What is the ten thousands digit of 21184132?
8
What is the tens digit of 76320880?
8
What is the hundreds digit of 9984209?
2
What is the ten millions digit of 19724840?
1
What is the units digit of 339221894?
4
What is the ten millions digit of 238419581?
3
What is the hundred thousands digit of 1149749647?
7
What is the hundred millions digit of 365307679?
3
What is the ten thousands digit of 3473166802?
6
What is the ten thousands digit of 9432168?
3
What is the hundred millions digit of 3057117717?
0
What is the ten thousands digit of 169237729?
3
What is the billions digit of 1441613369?
1
What is the ten millions digit of 55203388?
5
What is the units digit of 188846120?
0
What is the millions digit of 1644930494?
4
What is the tens digit of 69525629?
2
What is the units digit of 3315191021?
1
What is the millions digit of 404035835?
4
What is the ten thousands digit of 128376126?
7
What is the hundred thousands digit of 48075568?
0
What is the millions digit of 50733356?
0
What is the hundred thousands digit of 140015634?
0
What is the units digit of 6657075925?
5
What is the hundred thousands digit of 43795100?
7
What is the billions digit of 5641867907?
5
What is the millions digit of 892530032?
2
What is the ten thousands digit of 80104602?
0
What is the tens digit of 12530219?
1
What is the hundreds digit of 610833029?
0
What is the ten thousands digit of 46398941?
9
What is the hundred millions digit of 408773725?
4
What is the hundred thousands digit of 58321613?
3
What is the thousands digit of 395579022?
9
What is the ten thousands digit of 27653925?
5
What is the units digit of 2718142582?
2
What is the thousands digit of 39162737?
2
What is the hundreds digit of 1748794864?
8
What is the hundred thousands digit of 4250385774?
3
What is the units digit of 7394311330?
0
What is the hundreds digit of 125006046?
0
What is the tens digit of 145895427?
2
What is the ten thousands digit of 2128932784?
3
What is the hundred millions digit of 1201868803?
2
What is the ten thousands digit of 8231671?
3
What is the ten thousands digit of 48235082?
3
What is the tens digit of 53039121?
2
What is the ten thousands digit of 165117371?
1
What is the millions digit of 364500304?
4
What is the millions digit of 211585465?
1
What is the tens digit of 209911057?
5
What is the millions digit of 85123294?
5
What is the tens digit of 26600875?
7
What is the thousands digit of 86924384?
4
What is the ten millions digit of 48294050?
4
What is the hundreds digit of 8125511713?
7
What is the ten millions digit of 163238223?
6
What is the hundred thousands digit of 256988970?
9
What is the hundred millions digit of 479834177?
4
What is the units digit of 55960471?
1
What is the ten thousands digit of 42394369?
9
What is the millions digit of 660197087?
0
What is the millions digit of 2519301114?
9
What is the billions digit of 2366731570?
2
What is the tens digit of 7633310192?
9
What is the ten thousands digit of 70804912?
0
What is the hundreds digit of 526252492?
4
What is the hundred millions digit of 886773000?
8
What is the ten thousands digit of 67967568?
6
What is the ten millions digit of 332756229?
3
What is the millions digit of 35595640?
5
What is the thousands digit of 44924634?
4
What is the thousands digit of 87793646?
3
What is the units digit of 525850383?
3
What is the ten thousands digit of 6592823011?
2
What is the millions digit of 4090630230?
0
What is the thousands digit of 40223287?
3
What is the thousands digit of 101865571?
5
What is the tens digit of 377224328?
2
What is the ten thousands digit of 43185125?
8
What is the ten thousands digit of 202678172?
7
What is the thousands digit of 5416894672?
4
What is the ten thousands digit of 829453954?
5
What is the units digit of 359670812?
2
What is the hundred thousands digit of 3264815320?
8
What is the ten millions digit of 879862753?
7
What is the hundred millions digit of 411203630?
4
What is the thousands digit of 10737325?
7
What is the hundreds digit of 40012577?
5
What is the ten thousands digit of 26774332?
7
What is the hundreds digit of 363028357?
3
What is the units digit of 92023468?
8
What is the hundred millions digit of 2632086148?
6
What is the ten millions digit of 16780519?
1
What is the tens digit of 122720423?
2
What is the hundred millions digit of 119886261?
1
What is the tens digit of 50741535?
3
What is the tens digit of 221878597?
9
What is the hundred thousands digit of 9480928?
4
What is the units digit of 2669300101?
1
What is the hundred thousands digit of 1019003015?
0
What is the hundreds digit of 161974378?
3
What is the units digit of 1315977466?
6
What is the hundred thousands digit of 6347686?
3
What is the tens digit of 388740129?
2
What is the hundred millions digit of 998775498?
9
What is the hundred thousands digit of 63795164?
7
What is the hundred thousands digit of 48927232?
9
What is the thousands digit of 218788003?
8
What is the tens digit of 1240858256?
5
What is the thousands digit of 152713824?
3
What is the millions digit of 6334017813?
4
What is the hundreds digit of 77776788?
7
What is the hundreds digit of 155134768?
7
What is the millions digit of 19584941?
9
What is the ten millions digit of 125269862?
2
What is the ten thousands digit of 42296684?
9
What is the hundreds digit of 49569468?
4
What is the hundreds digit of 7456145?
1
What is the billions digit of 4384247436?
4
What is the tens digit of 1369187478?
7
What is the ten millions digit of 2166301669?
6
What is the tens digit of 932275947?
4
What is the ten millions digit of 1938171513?
3
What is the hundred thousands digit of 244677741?
6
What is the hundred thousands digit of 43197955?
1
What is the millions digit of 71893431?
1
What is the tens digit of 145286860?
6
What is the millions digit of 127982695?
7
What is the hundred thousands digit of 439767391?
7
What is the millions digit of 36930028?
6
What is the units digit of 16891677?
7
What is the ten thousands digit of 1367843974?
4
What is the hundreds digit of 1905196152?
1
What is the tens digit of 35646980?
8
What is the hundred thousands digit of 51028209?
0
What is the ten millions digit of 75253527?
7
What is the ten millions digit of 24932361?
2
What is the units digit of 160255879?
9
What is the tens digit of 1797